{"id":134,"date":"2014-09-01T06:01:33","date_gmt":"2014-09-01T05:01:33","guid":{"rendered":"http:\/\/pensalla.cat\/?page_id=134"},"modified":"2014-12-29T18:29:15","modified_gmt":"2014-12-29T17:29:15","slug":"qui","status":"publish","type":"page","link":"https:\/\/pensalla.cat\/?page_id=134","title":{"rendered":"Qui"},"content":{"rendered":"<div style=\"padding-top:0px;\t\r\npadding-right:0px;\r\npadding-bottom:0px;\r\npadding-left:0px;\r\nmargin-top:0px;\r\nmargin-right:0px;\r\nmargin-bottom:0px;\r\nmargin-left:0px;\"><a href=\"https:\/\/twitter.com\/share\" class=\"twitter-share-button\" \r\n\t\t\t\t        data-url=\"https:\/\/pensalla.cat\/?page_id=134\" \r\n\t\t\t\t        data-via=\"jjofra\"\r\n\t\t\t\t\t    data-text=\"Qui\"\r\n\t\t\t\t\t    data-related=\"\"\r\n\t\t\t\t\t    data-count=\"none\"\r\n\t\t\t\t\t    data-hashtags=\"\"\r\n\t\t\t\t\t    data-lang=\"autoLANGauto\"\r\n\t\t\t\t\t    data-counturl=\"pensalla.cat\"\r\n\t\t\t\t\t    data-size=\"medium\"\r\n\t\t\t\t\t    data-dnt=\"false\"\t> Tweet <\/a> <\/div>\r\n\t\t                <script>\r\n\t\t\t\t\t    !function(d,s,id) {\r\n\t\t\t\t\t      var js,fjs=d.getElementsByTagName(s)[0];\r\n\t\t\t\t\t      if(!d.getElementById(id)) {\r\n\t\t\t\t\t       js=d.createElement(s);js.id=id;js.src=\"https:\/\/platform.twitter.com\/widgets.js\";fjs.parentNode.insertBefore(js,fjs);\r\n\t\t\t\t\t      }\r\n\t\t\t\t\t    }\r\n\t\t\t\t\t   (document,\"script\",\"twitter-wjs\");\r\n\t\t\t\t\t    <\/script><p><a href=\"https:\/\/i0.wp.com\/pensalla.cat\/wp-content\/uploads\/2014\/09\/20141017-addiccions.png\"><img data-recalc-dims=\"1\" loading=\"lazy\" decoding=\"async\" class=\" size-full wp-image-136 aligncenter\" src=\"https:\/\/i0.wp.com\/pensalla.cat\/wp-content\/uploads\/2014\/09\/20141017-addiccions.png?resize=718%2C406\" alt=\"20141017 addiccions\" width=\"718\" height=\"406\" \/><\/a><\/p>\n<p>&#8216;En Joan Jofra t&#8217;ho resol&#8217; \u00e9s una secci\u00f3 de l&#8217;Internauta de Vilaweb a on, cada setmana, explico un tema relacionat amb internet, la inform\u00e0tica i tots els ginys que ens envolten.<\/p>\n<p><a href=\"https:\/\/i0.wp.com\/pensalla.cat\/wp-content\/uploads\/2014\/09\/bruixa-350.png\"><img data-recalc-dims=\"1\" loading=\"lazy\" decoding=\"async\" class=\"alignright size-full wp-image-169\" src=\"https:\/\/i0.wp.com\/pensalla.cat\/wp-content\/uploads\/2014\/09\/bruixa-350.png?resize=350%2C234\" alt=\"bruixa 350\" width=\"350\" height=\"234\" \/><\/a><\/p>\n<p>&nbsp;<\/p>\n<p>Els temes surten del dia a dia, dels suggeriments \u00a0d&#8217;amics, coneguts, lectors d&#8217;aquest blog, oients i televidents. Jo tinc una bruixeta m\u00e0gica que sovint opina sobre els continguts, l&#8217;he batejada com Greeny, segur que es passejar\u00e0 pel blog, \u00a0si apareix potser el que llegiu nom\u00e9s es tracti d&#8217;un rumor &#8230;<\/p>\n<p>&nbsp;<\/p>\n<p><a href=\"https:\/\/i0.wp.com\/pensalla.cat\/wp-content\/uploads\/2014\/09\/dino-350.png\"><img data-recalc-dims=\"1\" loading=\"lazy\" decoding=\"async\" class=\" size-full wp-image-170 alignleft\" src=\"https:\/\/i0.wp.com\/pensalla.cat\/wp-content\/uploads\/2014\/09\/dino-350.png?resize=350%2C225\" alt=\"dino 350\" width=\"350\" height=\"225\" \/><\/a><\/p>\n<p>&nbsp;<\/p>\n<p>I, sempre, el meu dinosaure digital, en Gio, s&#8217;encarrega d&#8217;afegir una mica d&#8217;hist\u00f2ria, de vegades de prehist\u00f2ria, als temes m\u00e9s &#8216;moderns&#8217;.\u00a0Aquest si, amb aquest personatge s\u00ed que podeu estar segurs que el que llegiu \u00e9s cert.<\/p>\n<p>&nbsp;<\/p>\n<p>&nbsp;<\/p>\n<p>Gr\u00e0cies a tothom.<\/p>\n<div style=\"padding-top:0px;\t\r\npadding-right:0px;\r\npadding-bottom:0px;\r\npadding-left:0px;\r\nmargin-top:0px;\r\nmargin-right:0px;\r\nmargin-bottom:0px;\r\nmargin-left:0px;\"><a href=\"https:\/\/twitter.com\/share\" class=\"twitter-share-button\" \r\n\t\t\t\t        data-url=\"https:\/\/pensalla.cat\/?page_id=134\" \r\n\t\t\t\t        data-via=\"jjofra\"\r\n\t\t\t\t\t    data-text=\"Qui\"\r\n\t\t\t\t\t    data-related=\"\"\r\n\t\t\t\t\t    data-count=\"none\"\r\n\t\t\t\t\t    data-hashtags=\"\"\r\n\t\t\t\t\t    data-lang=\"autoLANGauto\"\r\n\t\t\t\t\t    data-counturl=\"pensalla.cat\"\r\n\t\t\t\t\t    data-size=\"medium\"\r\n\t\t\t\t\t    data-dnt=\"false\"\t> Tweet <\/a> <\/div>\r\n\t\t                <script>\r\n\t\t\t\t\t    !function(d,s,id) {\r\n\t\t\t\t\t      var js,fjs=d.getElementsByTagName(s)[0];\r\n\t\t\t\t\t      if(!d.getElementById(id)) {\r\n\t\t\t\t\t       js=d.createElement(s);js.id=id;js.src=\"https:\/\/platform.twitter.com\/widgets.js\";fjs.parentNode.insertBefore(js,fjs);\r\n\t\t\t\t\t      }\r\n\t\t\t\t\t    }\r\n\t\t\t\t\t   (document,\"script\",\"twitter-wjs\");\r\n\t\t\t\t\t    <\/script>","protected":false},"excerpt":{"rendered":"<p>Tweet &#8216;En Joan Jofra t&#8217;ho resol&#8217; \u00e9s una secci\u00f3 de l&#8217;Internauta de Vilaweb a on, cada setmana, explico un tema relacionat amb internet, la inform\u00e0tica i tots els ginys que ens envolten. &nbsp; Els temes surten del dia a dia,<span class=\"ellipsis\">&hellip;<\/span><\/p>\n<div class=\"read-more\"><a href=\"https:\/\/pensalla.cat\/?page_id=134\">Read more <span class=\"screen-reader-text\">Qui<\/span><span class=\"meta-nav\"> &#8250;<\/span><\/a><\/div>\n<p><!-- end of .read-more --><\/p>\n","protected":false},"author":1,"featured_media":136,"parent":0,"menu_order":99,"comment_status":"open","ping_status":"open","template":"","meta":{"_exactmetrics_skip_tracking":false,"_exactmetrics_sitenote_active":false,"_exactmetrics_sitenote_note":"","_exactmetrics_sitenote_category":0,"jetpack_post_was_ever_published":false,"footnotes":""},"class_list":["post-134","page","type-page","status-publish","has-post-thumbnail","hentry"],"aioseo_notices":[],"jetpack_sharing_enabled":true,"_links":{"self":[{"href":"https:\/\/pensalla.cat\/index.php?rest_route=\/wp\/v2\/pages\/134","targetHints":{"allow":["GET"]}}],"collection":[{"href":"https:\/\/pensalla.cat\/index.php?rest_route=\/wp\/v2\/pages"}],"about":[{"href":"https:\/\/pensalla.cat\/index.php?rest_route=\/wp\/v2\/types\/page"}],"author":[{"embeddable":true,"href":"https:\/\/pensalla.cat\/index.php?rest_route=\/wp\/v2\/users\/1"}],"replies":[{"embeddable":true,"href":"https:\/\/pensalla.cat\/index.php?rest_route=%2Fwp%2Fv2%2Fcomments&post=134"}],"version-history":[{"count":0,"href":"https:\/\/pensalla.cat\/index.php?rest_route=\/wp\/v2\/pages\/134\/revisions"}],"wp:featuredmedia":[{"embeddable":true,"href":"https:\/\/pensalla.cat\/index.php?rest_route=\/wp\/v2\/media\/136"}],"wp:attachment":[{"href":"https:\/\/pensalla.cat\/index.php?rest_route=%2Fwp%2Fv2%2Fmedia&parent=134"}],"curies":[{"name":"wp","href":"https:\/\/api.w.org\/{rel}","templated":true}]}}