{"id":998,"date":"2015-12-06T19:44:28","date_gmt":"2015-12-06T18:44:28","guid":{"rendered":"http:\/\/pensalla.cat\/?page_id=998"},"modified":"2016-01-16T19:10:43","modified_gmt":"2016-01-16T18:10:43","slug":"el-millor-regal-per-aquest-nadal","status":"publish","type":"page","link":"https:\/\/pensalla.cat\/?page_id=998","title":{"rendered":"Cursos d&#8217;iPad"},"content":{"rendered":"<div style=\"padding-top:0px;\t\r\npadding-right:0px;\r\npadding-bottom:0px;\r\npadding-left:0px;\r\nmargin-top:0px;\r\nmargin-right:0px;\r\nmargin-bottom:0px;\r\nmargin-left:0px;\"><a href=\"https:\/\/twitter.com\/share\" class=\"twitter-share-button\" \r\n\t\t\t\t        data-url=\"https:\/\/pensalla.cat\/?page_id=998\" \r\n\t\t\t\t        data-via=\"jjofra\"\r\n\t\t\t\t\t    data-text=\"Cursos d'iPad\"\r\n\t\t\t\t\t    data-related=\"\"\r\n\t\t\t\t\t    data-count=\"none\"\r\n\t\t\t\t\t    data-hashtags=\"\"\r\n\t\t\t\t\t    data-lang=\"autoLANGauto\"\r\n\t\t\t\t\t    data-counturl=\"pensalla.cat\"\r\n\t\t\t\t\t    data-size=\"medium\"\r\n\t\t\t\t\t    data-dnt=\"false\"\t> Tweet <\/a> <\/div>\r\n\t\t                <script>\r\n\t\t\t\t\t    !function(d,s,id) {\r\n\t\t\t\t\t      var js,fjs=d.getElementsByTagName(s)[0];\r\n\t\t\t\t\t      if(!d.getElementById(id)) {\r\n\t\t\t\t\t       js=d.createElement(s);js.id=id;js.src=\"https:\/\/platform.twitter.com\/widgets.js\";fjs.parentNode.insertBefore(js,fjs);\r\n\t\t\t\t\t      }\r\n\t\t\t\t\t    }\r\n\t\t\t\t\t   (document,\"script\",\"twitter-wjs\");\r\n\t\t\t\t\t    <\/script><p>&nbsp;<\/p>\n<p><a href=\"https:\/\/i0.wp.com\/pensalla.cat\/wp-content\/uploads\/2015\/12\/Screenshot-2015-12-06-20.08.04.png\"><img data-recalc-dims=\"1\" loading=\"lazy\" decoding=\"async\" class=\"alignright size-full wp-image-1022\" src=\"https:\/\/i0.wp.com\/pensalla.cat\/wp-content\/uploads\/2015\/12\/Screenshot-2015-12-06-20.08.04.png?resize=300%2C428\" alt=\"Screenshot 2015-12-06 20.08.04\" width=\"300\" height=\"428\" srcset=\"https:\/\/i0.wp.com\/pensalla.cat\/wp-content\/uploads\/2015\/12\/Screenshot-2015-12-06-20.08.04.png?w=383&amp;ssl=1 383w, https:\/\/i0.wp.com\/pensalla.cat\/wp-content\/uploads\/2015\/12\/Screenshot-2015-12-06-20.08.04.png?resize=210%2C300&amp;ssl=1 210w, https:\/\/i0.wp.com\/pensalla.cat\/wp-content\/uploads\/2015\/12\/Screenshot-2015-12-06-20.08.04.png?resize=100%2C143&amp;ssl=1 100w, https:\/\/i0.wp.com\/pensalla.cat\/wp-content\/uploads\/2015\/12\/Screenshot-2015-12-06-20.08.04.png?resize=150%2C214&amp;ssl=1 150w, https:\/\/i0.wp.com\/pensalla.cat\/wp-content\/uploads\/2015\/12\/Screenshot-2015-12-06-20.08.04.png?resize=200%2C286&amp;ssl=1 200w, https:\/\/i0.wp.com\/pensalla.cat\/wp-content\/uploads\/2015\/12\/Screenshot-2015-12-06-20.08.04.png?resize=300%2C428&amp;ssl=1 300w\" sizes=\"auto, (max-width: 300px) 100vw, 300px\" \/><\/a><\/p>\n<p>Vols regalar i\/o comprar una tauleta i ser aut\u00f2nom en el seu \u00fas? Vols entendre l&#8217;argot inform\u00e0tic per sempre? A Vilaweb tenim la soluci\u00f3. T&#8217;oferim una tauleta amb un assessorament personalitzat amb el nostre consultor inform\u00e0tic Joan Jofra responsable de la secci\u00f3 &#8216;En Joan Jofra t\u2019ho resol&#8217; a l&#8217;Internauta. Regala futur! Compra present!<\/p>\n<p>&nbsp;<br \/>\n[maxbutton id=&#8221;2&#8243;]<br \/>\n&nbsp;<\/p>\n<p>S\u00f3n cursos dirigits a gent que encara s\u2019espanta quan t\u00e9 un estri al seu davant, volem que els pugueu fer servir b\u00e9, sigui perqu\u00e8 us l\u2019heu comprat o perqu\u00e8 us l&#8217;han regalat.<\/p>\n<p>&nbsp;<\/p>\n<p>Inicialment per iPad per\u00f2, si tenim prou demandes d\u2019Android, tamb\u00e9 el farem, nom\u00e9s cal que ens ho digueu a l&#8217;apartat de comentaris del <a href=\"http:\/\/pensalla.cat\/?page_id=1063\">formulari d&#8217;inscripci\u00f3<\/a>.<\/p>\n<p>&nbsp;<\/p>\n<p>Dues sessions de 2 hores (independents, podeu comprar o regalar 1 o 2 sessions)<\/p>\n<p>&nbsp;<\/p>\n<p><strong>Horaris<\/strong><\/p>\n<ul>\n<li>dissabtes mat\u00ed, de 9-11 i d\u201911.30 a 13.30<\/li>\n<li>dies feiners de 6.30 a 8.30 del vespre<\/li>\n<\/ul>\n<p>&nbsp;<br \/>\n[maxbutton id=&#8221;1&#8243;]<\/p>\n<table>\n<tbody>\n<tr>\n<td style=\"background-color: grey; text-align: center; font-weight: bold;\" colspan=\"4\">Preus<\/td>\n<\/tr>\n<tr>\n<td><\/td>\n<td style=\"text-align: center;\">preu sessions<\/td>\n<td style=\"text-align: center;\">preu +Vilaweb<\/td>\n<td>preu iPad<\/td>\n<\/tr>\n<tr>\n<td>1\u00a0sessi\u00f3<\/td>\n<td style=\"text-align: center;\">35 \u20ac<\/td>\n<td style=\"text-align: center;\">25 \u20ac<\/td>\n<td rowspan=\"3\">per iniciar-vos, si no en teniu, us recomanem un iPad mini 16 gb, 289 \u20ac<\/p>\n<p><a href=\"http:\/\/www.apple.com\/es\/ipad\/compare\/\" target=\"_blank\">per\u00f2 aqu\u00ed podeu veure tots els models d&#8217;Apple comparats<\/a><\/td>\n<\/tr>\n<tr>\n<td>2\u00a0sessions<\/td>\n<td style=\"text-align: center;\">50 \u20ac<\/td>\n<td style=\"text-align: center;\">40 \u20ac<\/td>\n<\/tr>\n<p><!--\n\n\n<tr>\n\n\n<td>3\u00a0sessions<\/td>\n\n\n\n\n<td style=\"text-align: center;\">70 \u20ac<\/td>\n\n\n\n\n<td style=\"text-align: center;\">50 \u20ac<\/td>\n\n\n<\/tr>\n\n\n--!>\n<\/tbody>\n\n\n<\/table>\n\n\n&nbsp;\n\n\n<table>\n\n\n<tbody>\n\n\n<tr>\n\n\n<td colspan=\"1\" align=\"middle\" bgcolor=\"grey\"><strong>Temari<\/strong><\/td>\n\n\n<\/tr>\n\n\n\n\n<tr>\n\n\n<td rowspan=\"1\"><strong>1a sessi\u00f3 - Grans conceptes<\/strong>\n\nConnectar-nos al wifi\nCrear compte a gmail o a apple\nConfigurar el mail\nConfiguracions especials\n\n\n<ul>\n\t\n\n<li>Mobilitat redu\u00efda<\/li>\n\n\n\t\n\n<li>coses especials (lletres grans)<\/li>\n\n\n\t\n\n<li>posar una foto de fons de pantalla<\/li>\n\n\n<\/ul>\n\n\nNavegar i afegir favorits\nLlegir les not\u00edcies\n\n\n<ul>\n\t\n\n<li>com descarregar apps, per exemple Vilaweb<\/li>\n\n\n\t\n\n<li>descarregar TV3<\/li>\n\n\n\t\n\n<li>com seguir un podcast, l'Internauta<\/li>\n\n\n\t\n\n<li>crear compte de twitter i afegir seguidors<\/li>\n\n\n<\/ul>\n\n\nFotografies<\/td>\n\n\n\n\n<td><strong>2a sessi\u00f3 - Apps<\/strong>\n\nVeure el nostre iPad per la tele\nVeure Netflix\nSkype amb els fills o n\u00e9ts\nTreballar amb pdf's\nApps especials\n\n\n<ul>\n\t\n\n<li>Comprar al s\u00faper<\/li>\n\n\n\t\n\n<li>comprar entrades<\/li>\n\n\n\t\n\n<li>vacances del imserso<\/li>\n\n\n\t\n\n<li>Metges - \u00c0rea de salut - demanar cita al CAP<\/li>\n\n\n\t\n\n<li>demanar un taxi<\/li>\n\n\n<\/ul>\n\n\n<\/td>\n\n\n<\/tr>\n\n\n\n<!--\n\n\n<tr>\n\n\n<td><strong>3a sessi\u00f3 - Office<\/strong>\n\nTreballar amb documents Word, Excel i PowerPoint\nAltres eines ofim\u00e0tiques<\/td>\n\n\n\n<\/tr>\n\n\n--!>\n\n\n\n<tr>\n\n\n<td colspan=\"2\" align=\"middle\" bgcolor=\"grey\">&nbsp;<\/td>\n\n\n<\/tr>\n\n\n<\/tbody>\n\n\n<\/table>\n\n\n&nbsp;\n\n<strong>Altres recursos que us oferim<\/strong>\n\na pensalla.cat podreu trobar aquests recursos que us ajudaran en el dia a dia\n\n\n<ul>\n\t\n\n<li>Llista de favorits organitzada per temes, per poder afegir els que vulgueu als vostres\n\n\n<ul>\n\t\n\n<li>not\u00edcies<\/li>\n\n\n\t\n\n<li>sanitat<\/li>\n\n\n\t\n\n<li>links a programes de l\u2019internauta que ja en parlen de coses i apps especials (p.ex. metges)<\/li>\n\n\n<\/ul>\n\n\n<\/li>\n\n\n\t\n\n<li>Llista de gent a seguir al twitter<\/li>\n\n\n\t\n\n<li>Llista recomanada de programes per instal\u00b7lar a la tauleta\n\n\n<ul>\n\t\n\n<li>apps per fer treballar la mem\u00f2ria<\/li>\n\n\n\t\n\n<li>supermercats<\/li>\n\n\n<\/ul>\n\n\n<\/li>\n\n\n<\/ul>\n\n\n<\/p>\n<div style=\"padding-top:0px;\t\r\npadding-right:0px;\r\npadding-bottom:0px;\r\npadding-left:0px;\r\nmargin-top:0px;\r\nmargin-right:0px;\r\nmargin-bottom:0px;\r\nmargin-left:0px;\"><a href=\"https:\/\/twitter.com\/share\" class=\"twitter-share-button\" \r\n\t\t\t\t        data-url=\"https:\/\/pensalla.cat\/?page_id=998\" \r\n\t\t\t\t        data-via=\"jjofra\"\r\n\t\t\t\t\t    data-text=\"Cursos d'iPad\"\r\n\t\t\t\t\t    data-related=\"\"\r\n\t\t\t\t\t    data-count=\"none\"\r\n\t\t\t\t\t    data-hashtags=\"\"\r\n\t\t\t\t\t    data-lang=\"autoLANGauto\"\r\n\t\t\t\t\t    data-counturl=\"pensalla.cat\"\r\n\t\t\t\t\t    data-size=\"medium\"\r\n\t\t\t\t\t    data-dnt=\"false\"\t> Tweet <\/a> <\/div>\r\n\t\t                <script>\r\n\t\t\t\t\t    !function(d,s,id) {\r\n\t\t\t\t\t      var js,fjs=d.getElementsByTagName(s)[0];\r\n\t\t\t\t\t      if(!d.getElementById(id)) {\r\n\t\t\t\t\t       js=d.createElement(s);js.id=id;js.src=\"https:\/\/platform.twitter.com\/widgets.js\";fjs.parentNode.insertBefore(js,fjs);\r\n\t\t\t\t\t      }\r\n\t\t\t\t\t    }\r\n\t\t\t\t\t   (document,\"script\",\"twitter-wjs\");\r\n\t\t\t\t\t    <\/script>","protected":false},"excerpt":{"rendered":"<p>Tweet &nbsp; Vols regalar i\/o comprar una tauleta i ser aut\u00f2nom en el seu \u00fas? Vols entendre l&#8217;argot inform\u00e0tic per sempre? A Vilaweb tenim la soluci\u00f3. T&#8217;oferim una tauleta amb un assessorament personalitzat amb el nostre consultor inform\u00e0tic Joan Jofra<span class=\"ellipsis\">&hellip;<\/span><\/p>\n<div class=\"read-more\"><a href=\"https:\/\/pensalla.cat\/?page_id=998\">Read more <span class=\"screen-reader-text\">Cursos d&#8217;iPad<\/span><span class=\"meta-nav\"> &#8250;<\/span><\/a><\/div>\n<p><!-- end of .read-more --><\/p>\n","protected":false},"author":1,"featured_media":1022,"parent":0,"menu_order":0,"comment_status":"closed","ping_status":"closed","template":"page-templates\/full-width-page.php","meta":{"_exactmetrics_skip_tracking":false,"_exactmetrics_sitenote_active":false,"_exactmetrics_sitenote_note":"","_exactmetrics_sitenote_category":0,"jetpack_post_was_ever_published":false,"footnotes":""},"class_list":["post-998","page","type-page","status-publish","has-post-thumbnail","hentry"],"aioseo_notices":[],"jetpack_sharing_enabled":true,"_links":{"self":[{"href":"https:\/\/pensalla.cat\/index.php?rest_route=\/wp\/v2\/pages\/998","targetHints":{"allow":["GET"]}}],"collection":[{"href":"https:\/\/pensalla.cat\/index.php?rest_route=\/wp\/v2\/pages"}],"about":[{"href":"https:\/\/pensalla.cat\/index.php?rest_route=\/wp\/v2\/types\/page"}],"author":[{"embeddable":true,"href":"https:\/\/pensalla.cat\/index.php?rest_route=\/wp\/v2\/users\/1"}],"replies":[{"embeddable":true,"href":"https:\/\/pensalla.cat\/index.php?rest_route=%2Fwp%2Fv2%2Fcomments&post=998"}],"version-history":[{"count":0,"href":"https:\/\/pensalla.cat\/index.php?rest_route=\/wp\/v2\/pages\/998\/revisions"}],"wp:featuredmedia":[{"embeddable":true,"href":"https:\/\/pensalla.cat\/index.php?rest_route=\/wp\/v2\/media\/1022"}],"wp:attachment":[{"href":"https:\/\/pensalla.cat\/index.php?rest_route=%2Fwp%2Fv2%2Fmedia&parent=998"}],"curies":[{"name":"wp","href":"https:\/\/api.w.org\/{rel}","templated":true}]}}

<div style="padding-top:0px;	
padding-right:0px;
padding-bottom:0px;
padding-left:0px;
margin-top:0px;
margin-right:0px;
margin-bottom:0px;
margin-left:0px;"><a href="https://twitter.com/share" class="twitter-share-button" 
				        data-url="https://pensalla.cat/?page_id=998" 
				        data-via="jjofra"
					    data-text="Cursos d'iPad"
					    data-related=""
					    data-count="none"
					    data-hashtags=""
					    data-lang="autoLANGauto"
					    data-counturl="pensalla.cat"
					    data-size="medium"
					    data-dnt="false"	> Tweet </a> </div>
		                <script>
					    !function(d,s,id) {
					      var js,fjs=d.getElementsByTagName(s)[0];
					      if(!d.getElementById(id)) {
					       js=d.createElement(s);js.id=id;js.src="https://platform.twitter.com/widgets.js";fjs.parentNode.insertBefore(js,fjs);
					      }
					    }
					   (document,"script","twitter-wjs");
					    </script><p>&nbsp;</p>
<p><a href="https://i0.wp.com/pensalla.cat/wp-content/uploads/2015/12/Screenshot-2015-12-06-20.08.04.png"><img data-recalc-dims="1" loading="lazy" decoding="async" class="alignright size-full wp-image-1022" src="https://i0.wp.com/pensalla.cat/wp-content/uploads/2015/12/Screenshot-2015-12-06-20.08.04.png?resize=300%2C428" alt="Screenshot 2015-12-06 20.08.04" width="300" height="428" srcset="https://i0.wp.com/pensalla.cat/wp-content/uploads/2015/12/Screenshot-2015-12-06-20.08.04.png?w=383&amp;ssl=1 383w, https://i0.wp.com/pensalla.cat/wp-content/uploads/2015/12/Screenshot-2015-12-06-20.08.04.png?resize=210%2C300&amp;ssl=1 210w, https://i0.wp.com/pensalla.cat/wp-content/uploads/2015/12/Screenshot-2015-12-06-20.08.04.png?resize=100%2C143&amp;ssl=1 100w, https://i0.wp.com/pensalla.cat/wp-content/uploads/2015/12/Screenshot-2015-12-06-20.08.04.png?resize=150%2C214&amp;ssl=1 150w, https://i0.wp.com/pensalla.cat/wp-content/uploads/2015/12/Screenshot-2015-12-06-20.08.04.png?resize=200%2C286&amp;ssl=1 200w, https://i0.wp.com/pensalla.cat/wp-content/uploads/2015/12/Screenshot-2015-12-06-20.08.04.png?resize=300%2C428&amp;ssl=1 300w" sizes="auto, (max-width: 300px) 100vw, 300px" /></a></p>
<p>Vols regalar i/o comprar una tauleta i ser autònom en el seu ús? Vols entendre l&#8217;argot informàtic per sempre? A Vilaweb tenim la solució. T&#8217;oferim una tauleta amb un assessorament personalitzat amb el nostre consultor informàtic Joan Jofra responsable de la secció &#8216;En Joan Jofra t’ho resol&#8217; a l&#8217;Internauta. Regala futur! Compra present!</p>
<p>&nbsp;<br />
[maxbutton id=&#8221;2&#8243;]<br />
&nbsp;</p>
<p>Són cursos dirigits a gent que encara s’espanta quan té un estri al seu davant, volem que els pugueu fer servir bé, sigui perquè us l’heu comprat o perquè us l&#8217;han regalat.</p>
<p>&nbsp;</p>
<p>Inicialment per iPad però, si tenim prou demandes d’Android, també el farem, només cal que ens ho digueu a l&#8217;apartat de comentaris del <a href="http://pensalla.cat/?page_id=1063">formulari d&#8217;inscripció</a>.</p>
<p>&nbsp;</p>
<p>Dues sessions de 2 hores (independents, podeu comprar o regalar 1 o 2 sessions)</p>
<p>&nbsp;</p>
<p><strong>Horaris</strong></p>
<ul>
<li>dissabtes matí, de 9-11 i d’11.30 a 13.30</li>
<li>dies feiners de 6.30 a 8.30 del vespre</li>
</ul>
<p>&nbsp;<br />
[maxbutton id=&#8221;1&#8243;]</p>
<table>
<tbody>
<tr>
<td style="background-color: grey; text-align: center; font-weight: bold;" colspan="4">Preus</td>
</tr>
<tr>
<td></td>
<td style="text-align: center;">preu sessions</td>
<td style="text-align: center;">preu +Vilaweb</td>
<td>preu iPad</td>
</tr>
<tr>
<td>1 sessió</td>
<td style="text-align: center;">35 €</td>
<td style="text-align: center;">25 €</td>
<td rowspan="3">per iniciar-vos, si no en teniu, us recomanem un iPad mini 16 gb, 289 €</p>
<p><a href="http://www.apple.com/es/ipad/compare/" target="_blank">però aquí podeu veure tots els models d&#8217;Apple comparats</a></td>
</tr>
<tr>
<td>2 sessions</td>
<td style="text-align: center;">50 €</td>
<td style="text-align: center;">40 €</td>
</tr>
<p><!--


<tr>


<td>3 sessions</td>




<td style="text-align: center;">70 €</td>




<td style="text-align: center;">50 €</td>


</tr>


--!>
</tbody>


</table>


&nbsp;


<table>


<tbody>


<tr>


<td colspan="1" align="middle" bgcolor="grey"><strong>Temari</strong></td>


</tr>




<tr>


<td rowspan="1"><strong>1a sessió - Grans conceptes</strong>

Connectar-nos al wifi
Crear compte a gmail o a apple
Configurar el mail
Configuracions especials


<ul>
	

<li>Mobilitat reduïda</li>


	

<li>coses especials (lletres grans)</li>


	

<li>posar una foto de fons de pantalla</li>


</ul>


Navegar i afegir favorits
Llegir les notícies


<ul>
	

<li>com descarregar apps, per exemple Vilaweb</li>


	

<li>descarregar TV3</li>


	

<li>com seguir un podcast, l'Internauta</li>


	

<li>crear compte de twitter i afegir seguidors</li>


</ul>


Fotografies</td>




<td><strong>2a sessió - Apps</strong>

Veure el nostre iPad per la tele
Veure Netflix
Skype amb els fills o néts
Treballar amb pdf's
Apps especials


<ul>
	

<li>Comprar al súper</li>


	

<li>comprar entrades</li>


	

<li>vacances del imserso</li>


	

<li>Metges - Àrea de salut - demanar cita al CAP</li>


	

<li>demanar un taxi</li>


</ul>


</td>


</tr>



<!--


<tr>


<td><strong>3a sessió - Office</strong>

Treballar amb documents Word, Excel i PowerPoint
Altres eines ofimàtiques</td>



</tr>


--!>



<tr>


<td colspan="2" align="middle" bgcolor="grey">&nbsp;</td>


</tr>


</tbody>


</table>


&nbsp;

<strong>Altres recursos que us oferim</strong>

a pensalla.cat podreu trobar aquests recursos que us ajudaran en el dia a dia


<ul>
	

<li>Llista de favorits organitzada per temes, per poder afegir els que vulgueu als vostres


<ul>
	

<li>notícies</li>


	

<li>sanitat</li>


	

<li>links a programes de l’internauta que ja en parlen de coses i apps especials (p.ex. metges)</li>


</ul>


</li>


	

<li>Llista de gent a seguir al twitter</li>


	

<li>Llista recomanada de programes per instal·lar a la tauleta


<ul>
	

<li>apps per fer treballar la memòria</li>


	

<li>supermercats</li>


</ul>


</li>


</ul>


</p>
<div style="padding-top:0px;	
padding-right:0px;
padding-bottom:0px;
padding-left:0px;
margin-top:0px;
margin-right:0px;
margin-bottom:0px;
margin-left:0px;"><a href="https://twitter.com/share" class="twitter-share-button" 
				        data-url="https://pensalla.cat/?page_id=998" 
				        data-via="jjofra"
					    data-text="Cursos d'iPad"
					    data-related=""
					    data-count="none"
					    data-hashtags=""
					    data-lang="autoLANGauto"
					    data-counturl="pensalla.cat"
					    data-size="medium"
					    data-dnt="false"	> Tweet </a> </div>
		                <script>
					    !function(d,s,id) {
					      var js,fjs=d.getElementsByTagName(s)[0];
					      if(!d.getElementById(id)) {
					       js=d.createElement(s);js.id=id;js.src="https://platform.twitter.com/widgets.js";fjs.parentNode.insertBefore(js,fjs);
					      }
					    }
					   (document,"script","twitter-wjs");
					    </script>

<p>Tweet &nbsp; Vols regalar i/o comprar una tauleta i ser autònom en el seu ús? Vols entendre l&#8217;argot informàtic per sempre? A Vilaweb tenim la solució. T&#8217;oferim una tauleta amb un assessorament personalitzat amb el nostre consultor informàtic Joan Jofra<span class="ellipsis">&hellip;</span></p>
<div class="read-more"><a href="https://pensalla.cat/?page_id=998">Read more <span class="screen-reader-text">Cursos d&#8217;iPad</span><span class="meta-nav"> &#8250;</span></a></div>
<p><!-- end of .read-more --></p>
